v - 4. Let d be u(8). What is the units digit of (-2)/((-7)/(d/8))?
9
Let y(m) = 5*m + 2. Let w be y(-3). Let v = -8 - w. Let k(j) = -j**2 + 7*j + 1. What is the units digit of k(v)?
1
Let j = -2 + 20. What is the tens digit of j?
1
Suppose -c - 14 + 3 = 0. Let y = c + 18. What is the units digit of y?
7
Let u(f) = -f + 5. Let c be u(4). Let h(q) = 4*q - 6 + 1 + c. What is the units digit of h(3)?
8
Let c be 1 + (-1 - -1) - -3. Let w be (-115)/(-30) + (-1)/(-6). Suppose -4*i - w - 16 = 0, c*i + 32 = 3*y. What is the units digit of y?
4
Let f(n) be the first derivative of -n**3/3 + 7*n**2/2 + 4*n + 3. What is the units digit of f(7)?
4
Suppose -2*s = -2*m + 2, 0*s = 2*s + 2*m + 10. What is the tens digit of (2 + 4/s)*18?
1
Let k = -133 - -200. What is the units digit of k?
7
Let h = -1 - 4. Let l(p) = 2*p + 3. Let o be l(h). Let v = o - -12. What is the units digit of v?
5
Let p = 178 + -86. What is the tens digit of p?
9
Let u = 4 + -7. Let v(c) = -c**3 - 2*c**2 - c - 2. What is the units digit of v(u)?
0
Let v(o) be the second derivative of 7*o**3/6 - o**2/2 + 2*o. What is the tens digit of v(2)?
1
Let a = 18 - 7. Let g = -7 + a. What is the units digit of g?
4
Suppose 0 = -3*c - 7 + 25. What is the units digit of c?
6
Let d(f) = -3*f - 8. Let u(r) = -6 + 2*r + 0*r - 3*r. Let t be u(0). What is the units digit of d(t)?
0
Suppose 0 = 3*i + 4*r - 0*r + 7, -4*r - 25 = -3*i. What is the units digit of i?
3
Let n(i) = i + 6. What is the units digit of n(5)?
1
Suppose 2*j - 120 = -3*j. What is the units digit of 198/(-4)*(-16)/j?
3
Let u(v) be the third derivative of 5*v**4/24 + v**3/6 + 4*v**2. What is the tens digit of u(4)?
2
Let z(m) = 2*m - 1. Let k be z(10). Suppose v + 0*v = k. What is the units digit of v?
9
Let u(c) = -3*c - 2. Let a be (-38)/(-14) + 2/7. Let x be 1/a - 20/6. What is the units digit of u(x)?
7
What is the tens digit of 7/((-56)/54)*-36?
4
Suppose 2*h - 3*o - 16 = h, 3*o + 12 = 0. Suppose -3*n = 5*t - 4*n - 14, t = h*n + 18. Suppose t*g - 3 = 1. What is the units digit of g?
2
What is the units digit of ((-48)/(-15))/(6/15)?
8
Let x = 1 + -1. Suppose h = -x*h. What is the units digit of -4 + 10 - (h - 2)?
8
Suppose q = 5*q - 192. What is the tens digit of q?
4
Suppose -2*v + 6 = 0, 3*z + 2*v - 11 = 4. What is the units digit of z?
3
Suppose -5*r = -12*r + 420. Suppose -2*x = -r - 36. What is the units digit of x?
8
Let b(r) = -r**3 + 7*r**2 - r + 10. What is the units digit of b(6)?
0
What is the units digit of (2 - (-666)/4)*(-13 + 15)?
7
Let a be -3*24/(-9) + -3. Suppose a*r - 48 = 27. What is the units digit of r?
5
Suppose 0 = -s + 4*s - 3*f + 6, 5 = 5*s - 2*f. Let r = 7 - s. Suppose r*l - 36 = p, -2*p - 27 = -6*l + 3*l. What is the units digit of l?
9
Let p = 67 - 32. What is the tens digit of p?
3
Let f(o) = o**3 - o**2 - 6*o + 4. Let v(u) = 4*u. Let i be v(1). What is the tens digit of f(i)?
2
Let r = 1 - 5. Let b(n) = n**3 + 4*n**2 + 2. Let y be b(r). What is the units digit of 17/2 + y/4?
9
Suppose 0 = -5*s + 4*g + 191, 0 = 4*s - 5*g + 50 - 201. What is the tens digit of s?
3
Let i = -37 - -19. What is the tens digit of 2/((-57)/i - 3)?
1
Suppose 2*g + 4 = 6*g, 350 = 4*f + 2*g. What is the units digit of f?
7
Let p = 1 + 2. Suppose -j - 26 = -p*j. What is the units digit of j?
3
Let a(x) = 5*x + 1. Let j be a(-2). Let l = j + 15. Suppose 6*w - 3*w - l = 0. What is the units digit of w?
2
Let t be ((-5 - -2) + 2)*-1. What is the units digit of (3/(-5))/(t/(-15))?
9
Suppose -5*t + 4*w = -112, -7*t + 3*w + 114 = -2*t. What is the tens digit of t?
2
Suppose -3*z + z + 24 = 0. Suppose 0*y + 5 = 5*y. Let q = y + z. What is the tens digit of q?
1
Suppose -4*g = -3*d, -5*d - 4*g = -g. Suppose 2*x - x - 2 = d. What is the units digit of x?
2
Let g = 117 + -65. Let u = g + -36. What is the units digit of (-39)/(-2) - 8/u?
9
Let j be -4 - (8/2)/(-2). Let f(w) = -3*w**3 - 2*w**2 - 2*w + 1. What is the units digit of f(j)?
1
Let q(j) = 17*j**2 + j. Let l be q(1). Suppose 0 = 5*m - 4*x - 87, 2*x - l = 2*m - 54. What is the tens digit of m?
1
Let u(m) = m**2 + 4*m - 3. Let x be u(-5). Suppose -4*a + 34 = x*z - 0*z, 5*z + 5*a - 60 = 0. What is the units digit of z?
7
Suppose 4*q + 52 = 2*w - 582, -4*q = 5*w - 1515. What is the hundreds digit of w?
3
Suppose 0 = 4*s - 9*s + 90. What is the tens digit of s?
1
Let f be 1/(-2) + 8/(-16). What is the units digit of -9 + 7 - (f + -6)?
5
Let b(r) be the second derivative of r**5/20 - 7*r**4/12 + 7*r**3/6 - 2*r**2 - 6*r. What is the units digit of b(6)?
2
Suppose -5 = -g - 4, -5*g + 29 = 4*t. Suppose -87 = -5*h + 4*w, -t*h + 72 = -2*h - 2*w. What is the units digit of h?
9
Let g(b) = b**3 + 8*b**2 + 8*b + 9. Let u be g(-7). What is the tens digit of u/(-3*4/(-192))?
3
Suppose -3*a + 40 = a. Let y be 4/a + 20/(-50). Let k(j) = j**2 + 8. What is the units digit of k(y)?
8
Let i be (-6)/(1 - (-15)/(-6)). Suppose 5*h = -0*p - p + 19, i*h + p - 16 = 0. Suppose 1 = -h*u + 7. What is the units digit of u?
2
Let o = 16 - 10. Let c(z) = -z**3 - z + 6 - 3*z**2 + 0*z**3 - 2*z**2 + o*z. What is the units digit of c(-6)?
2
Let y = -5 + 19. Suppose -y + 78 = 2*j. What is the tens digit of j?
3
Suppose 8 = -x + 23. Let z be x/2*(-4)/3. What is the units digit of 42/5 + 4/z?
8
Suppose 6 = 2*g - 4. Suppose -7 = g*i - 2, -u = 2*i. What is the units digit of u?
2
Let q be (-1)/(-4) - (-253)/44. Let u(h) = 3*h + 1. What is the tens digit of u(q)?
1
Let t be -1 + -3 - -1 - 0. Let y = 30 - t. What is the units digit of y?
3
Let v be 14/21 + (-34)/6. Let h = 10 + v. What is the units digit of h?
5
What is the units digit of 178*(-4)/((-32)/4)?
9
Let u(h) = h**2 - 7*h - 11. Let s be u(8). What is the tens digit of 1*(-26 + s)*-1?
2
Suppose -2*a - 5*p = -78, p + 4*p = a - 39. What is the units digit of a?
9
Suppose 8 = 3*r - 7. Let z(c) be the first derivative of 2*c**2 - 4*c - 7. What is the tens digit of z(r)?
1
Let y(h) = h**2 - h**2 - 3 - 2*h**2. Let d be y(3). What is the units digit of d/(-9) - (-2)/(-6)?
2
Let c be (2/(-5))/(2/(-30)). What is the units digit of 52/14 + c/21?
4
Let p = 31 - -18. What is the tens digit of p?
4
Let o(q) = q**3 - 6*q**2 + 6*q + 2. Let s be o(5). Let k = s - 4. Suppose -k*x - 2*y + 10 = -x, 0 = -2*x + 5*y + 24. What is the units digit of x?
7
Let a = -4 - -8. Suppose f - a*f = -30. What is the units digit of f?
0
Let u(l) = l**3 - l**2 + 7. Let i be u(0). Let z be ((-28)/(-10))/(i/35). Suppose 5*f + 3*k - 4*k = 20, 0 = 3*f - k - z. What is the units digit of f?
3
Suppose 1 = 4*w - 7. Suppose 0 = -w*b - 3*b. Suppose j + b = 7. What is the units digit of j?
7
Let s(c) = -c - 14. Let d(b) = -6*b - 70. Let f(t) = 2*d(t) - 11*s(t). Let h be f(10). Suppose -4*y = h*j - 4, 3 = y - j - 0. What is the units digit of y?
2
Let x = 77 + -47. What is the tens digit of x?
3
Suppose -3 - 30 = -3*k. What is the units digit of (k/33)/(2/156)?
6
Let d = -24 - -44. Suppose -t + d = y - 10, -30 = -t + 3*y. What is the units digit of t?
0
Let h(k) be the second derivative of k**4/12 + k**3/6 - 5*k**2/2 + k. What is the units digit of h(-6)?
5
Let o(c) be the third derivative of -c**6/120 + c**5/15 - c**3/6 - 4*c**2. Let t be o(4). What is the units digit of t - 1 - (-6 + 2)?
2
Let i(c) = 9*c**3 - 2*c**2 - c. Let f be i(-1). Suppose -n - 60 = -5*n. Let m = f + n. What is the units digit of m?
5
Let x(j) = -34*j + 16. What is the hundreds digit of x(-3)?
1
Let m(b) = b + 1. Let n be 1/2 - (-6)/(-12). What is the units digit of m(n)?
1
Let h be 4/(-6) + (-2)/(-3). Suppose 3*z - 4*o - 32 = h, 3*z + 2*o + 0 = 2. Let q = z + 0. What is the units digit of q?
4
Suppose 5*g + 6 = 4*x + 1, -x - 5*g = 5. Suppose x = 4*j - 62 - 38. What is the units digit of j?
5
Let w(l) be the second derivative of l**3/6 - 7*l**2/2 + 2*l. Let a be w(7). Let p = a + 7. What is the units digit of p?
7
Let s be 388/6 + (-3)/(-9). Suppose 4*j + j - s = 0. What is the tens digit of j?
1
Suppose t = 2*t - 5. Let r(w) = -w**2 - 3. Let p be r(0). Let g = t + p. What is the units digit of g?
2
Suppose -3*w - 21 = -3. What is the units digit of 42/(-3 + (-1 - w))?
1
Suppose 6 = -5*j + 76. What is the units digit of j?
4
Suppose c = 2*c. Suppose -2*s + 20 - 4 = c. Let k = s - 0. What is the units digit of k?
8
Let l(d) = 48*d**2 +